{"id":24,"date":"2021-11-07T17:14:19","date_gmt":"2021-11-07T16:14:19","guid":{"rendered":"https:\/\/corneille.carbone-astucieux.fr\/?page_id=24"},"modified":"2021-11-14T15:28:20","modified_gmt":"2021-11-14T14:28:20","slug":"contact","status":"publish","type":"page","link":"https:\/\/lacorneilleetlhermine.com\/index.php\/contact\/","title":{"rendered":"Contact"},"content":{"rendered":"\n<p>Laforge Val\u00e9rie<\/p>\n\n\n\n<p>47 chemin du fort de Bregille<br>25000 Besan\u00e7on<\/p>\n\n\n\n<p>06 71 11 87 69<\/p>\n\n\n\n<p>Du lundi au samedi  9h00 &#8211; 19h<\/p>\n\n\n\n<p><\/p>\n\n\n\n<p>Num\u00e9ro de SIRET : 847 561 891 00015<\/p>\n","protected":false},"excerpt":{"rendered":"<p>Laforge Val\u00e9rie 47 chemin du fort de Bregille25000 Besan\u00e7on 06 71 11 87 69 Du lundi au samedi 9h00 &#8211; 19h Num\u00e9ro de SIRET : 847 561 891 00015<\/p>\n","protected":false},"author":1,"featured_media":152,"parent":0,"menu_order":0,"comment_status":"closed","ping_status":"closed","template":"","meta":{"neve_meta_sidebar":"","neve_meta_container":"","neve_meta_enable_content_width":"","neve_meta_content_width":0,"neve_meta_title_alignment":"","neve_meta_author_avatar":"","neve_post_elements_order":"","neve_meta_disable_header":"","neve_meta_disable_footer":"","neve_meta_disable_title":""},"_links":{"self":[{"href":"https:\/\/lacorneilleetlhermine.com\/index.php\/wp-json\/wp\/v2\/pages\/24"}],"collection":[{"href":"https:\/\/lacorneilleetlhermine.com\/index.php\/wp-json\/wp\/v2\/pages"}],"about":[{"href":"https:\/\/lacorneilleetlhermine.com\/index.php\/wp-json\/wp\/v2\/types\/page"}],"author":[{"embeddable":true,"href":"https:\/\/lacorneilleetlhermine.com\/index.php\/wp-json\/wp\/v2\/users\/1"}],"replies":[{"embeddable":true,"href":"https:\/\/lacorneilleetlhermine.com\/index.php\/wp-json\/wp\/v2\/comments?post=24"}],"version-history":[{"count":5,"href":"https:\/\/lacorneilleetlhermine.com\/index.php\/wp-json\/wp\/v2\/pages\/24\/revisions"}],"predecessor-version":[{"id":158,"href":"https:\/\/lacorneilleetlhermine.com\/index.php\/wp-json\/wp\/v2\/pages\/24\/revisions\/158"}],"wp:featuredmedia":[{"embeddable":true,"href":"https:\/\/lacorneilleetlhermine.com\/index.php\/wp-json\/wp\/v2\/media\/152"}],"wp:attachment":[{"href":"https:\/\/lacorneilleetlhermine.com\/index.php\/wp-json\/wp\/v2\/media?parent=24"}],"curies":[{"name":"wp","href":"https:\/\/api.w.org\/{rel}","templated":true}]}}